he remainder when 3337 is divided by 63?
61
What is the remainder when 1215946 is divided by 586?
582
What is the remainder when 3519 is divided by 3499?
20
Calculate the remainder when 4336 is divided by 538.
32
Calculate the remainder when 1104 is divided by 591.
513
What is the remainder when 1059 is divided by 632?
427
Calculate the remainder when 5161 is divided by 595.
401
Calculate the remainder when 3253 is divided by 1164.
925
What is the remainder when 46313 is divided by 993?
635
Calculate the remainder when 22641 is divided by 88.
25
What is the remainder when 18967 is divided by 34?
29
What is the remainder when 4032 is divided by 746?
302
What is the remainder when 35166 is divided by 354?
120
What is the remainder when 937623 is divided by 847?
841
Calculate the remainder when 308209 is divided by 34244.
13
Calculate the remainder when 154247 is divided by 29.
25
Calculate the remainder when 14432 is divided by 2398.
44
Calculate the remainder when 2354 is divided by 159.
128
Calculate the remainder when 28171 is divided by 52.
39
What is the remainder when 4012 is divided by 482?
156
What is the remainder when 19660 is divided by 480?
460
Calculate the remainder when 1150 is divided by 292.
274
What is the remainder when 104578 is divided by 445?
3
What is the remainder when 18250 is divided by 571?
549
Calculate the remainder when 8941 is divided by 1037.
645
Calculate the remainder when 4415 is divided by 2201.
13
What is the remainder when 31293 is divided by 22?
9
Calculate the remainder when 25222 is divided by 307.
48
What is the remainder when 2134 is divided by 324?
190
What is the remainder when 3701 is divided by 22?
5
What is the remainder when 789 is divided by 101?
82
What is the remainder when 248039 is divided by 456?
431
What is the remainder when 13615 is divided by 1945?
0
Calculate the remainder when 146217 is divided by 14613.
87
Calculate the remainder when 1994 is divided by 91.
83
Calculate the remainder when 4224 is divided by 223.
210
Calculate the remainder when 147819 is divided by 347.
344
What is the remainder when 455 is divided by 8?
7
Calculate the remainder when 467460 is divided by 2205.
0
What is the remainder when 24562 is divided by 948?
862
What is the remainder when 1811714 is divided by 1347?
1346
What is the remainder when 29428 is divided by 135?
133
What is the remainder when 97204 is divided by 876?
844
Calculate the remainder when 5507757 is divided by 2165.
2162
Calculate the remainder when 3511 is divided by 99.
46
What is the remainder when 16299 is divided by 143?
140
What is the remainder when 10058 is divided by 407?
290
What is the remainder when 1062411 is divided by 1632?
1611
What is the remainder when 40881 is divided by 329?
85
What is the remainder when 57078 is divided by 11?
10
Calculate the remainder when 11249 is divided by 512.
497
Calculate the remainder when 4562269 is divided by 22.
19
Calculate the remainder when 7873 is divided by 41.
1
Calculate the remainder when 85545 is divided by 126.
117
Calculate the remainder when 116767 is divided by 23.
19
What is the remainder when 12613 is divided by 4203?
4
What is the remainder when 55375 is divided by 490?
5
What is the remainder when 17802 is divided by 324?
306
Calculate the remainder when 1978843 is divided by 203.
202
Calculate the remainder when 149003 is divided by 16.
11
What is the remainder when 1460 is divided by 265?
135
Calculate the remainder when 5373 is divided by 1016.
293
What is the remainder when 43967 is divided by 879?
17
Calculate the remainder when 1142315 is divided by 11.
9
Calculate the remainder when 3956 is divided by 210.
176
What is the remainder when 419 is divided by 103?
7
What is the remainder when 60861 is divided by 634?
631
What is the remainder when 6630 is divided by 189?
15
What is the remainder when 13696 is divided by 477?
340
What is the remainder when 176 is divided by 6?
2
What is the remainder when 15882 is divided by 136?
106
What is the remainder when 15422 is divided by 266?
260
Calculate the remainder when 3439 is divided by 35.
9
What is the remainder when 106129 is divided by 27?
19
What is the remainder when 94319 is divided by 178?
157
What is the remainder when 12070 is divided by 144?
118
Calculate the remainder when 9669 is divided by 257.
160
Calculate the remainder when 41837 is divided by 30.
17
What is the remainder when 140549 is divided by 30?
29
What is the remainder when 3307 is divided by 988?
343
Calculate the remainder when 2478 is divided by 1427.
1051
Calculate the remainder when 20690 is divided by 9798.
1094
What is the remainder when 20137 is divided by 5026?
33
Calculate the remainder when 8713123 is divided by 225.
223
What is the remainder when 4531 is divided by 2741?
1790
What is the remainder when 19769 is divided by 1898?
789
What is the remainder when 159258 is divided by 10?
8
Calculate the remainder when 57419 is divided by 45.
44
What is the remainder when 2958 is divided by 90?
78
What is the remainder when 380 is divided by 72?
20
Calculate the remainder when 14626 is divided by 32.
2
What is the remainder when 1643 is divided by 36?
23
Calculate the remainder when 4538 is divided by 298.
68
What is the remainder when 58455 is divided by 9724?
111
What is the remainder when 15787 is divided by 15747?
40
Calculate the remainder when 18085 is divided by 91.
67
Calculate the remainder when 165721 is divided by 80.
41
Calculate the remainder when 7784 is divided by 110.
84
What is the remainder when 7976 is divided by 1994?
0
Calculate the remainder when 843 is divided by 829.
14
What is the remainder when 9320 is divided by 9238?
82
What is the remainder when 205284 is divided by 41?
38
Calculate the remainder when 44317 is divided by 40.
37
Calculate the remainder when 53068 is divided by 366.
364
What is the remainder when 1654 is divided by 58?
30
Calculate the remainder when 10368 is divided by 20.
8
What is the remainder when 13285 is divided by 1328?
5
What is the remainder when 16539 is divided by 2080?
1979
What is the remainder when 18632 is divided by 121?
119
What is the remainder when 53763 is divided by 6?
3
Calculate the remainder when 757 is divided by 91.
29
Calculate the remainder when 735 is divided by 519.
216
Calculate the remainder when 3940 is divided by 475.
140
What is the remainder when 2551 is divided by 55?
21
What is the remainder when 38195 is divided by 321?
317
What is the remainder when 67067 is divided by 138?
137
Calculate the remainder when 200751 is divided by 239.
230
Calculate the remainder when 16608 is divided by 596.
516
Calculate the remainder when 23996 is divided by 320.
316
What is the remainder when 3353 is divided by 1617?
119
What is the remainder when 57418 is divided by 48?
10
Calculate the remainder when 779499 is divided by 25.
24
Calculate the remainder when 38313 is divided by 1065.
1038
Calculate the remainder when 12743 is divided by 85.
78
What is the remainder when 964372 is divided by 952?
948
What is the remainder when 3198842 is divided by 145?
142
What is the remainder when 95407 is divided by 1541?
1406
What is the remainder when 696 is divided by 379?
317
What is the remainder when 141444 is divided by 842?
830
What is the remainder when 87494 is divided by 87488?
6
What is the remainder when 9424 is divided by 66?
52
Calculate the remainder when 295550 is divided by 62.
58
What is the remainder when 5234 is divided by 1131?
710
Calculate the remainder when 5120 is divided by 425.
20
What is the remainder when 920 is divided by 153?
2
What is the remainder when 22445 is divided by 86?
85
Calculate the remainder when 1569 is divided by 223.
8
What is the remainder when 6608 is divided by 10?
8
What is the remainder when 29103 is divided by 126?
123
Calculate the remainder when 112993 is divided by 7.
6
What is the remainder when 190804 is divided by 19078?
24
Calculate the remainder when 1474 is divided by 698.
78
Calculate the remainder when 179274 is divided by 71.
70
Calculate the remainder when 22691 is divided by 503.
56
Calculate the remainder when 2147351 is divided by 22.
19
Calculate the remainder when 25985 is divided by 1989.
128
Calculate the remainder 